102.
34
What is the greatest common factor of 19080 and 105?
15
What is the highest common factor of 4 and 518?
2
Calculate the greatest common divisor of 4 and 1044.
4
Calculate the greatest common divisor of 6305 and 130.
65
Calculate the highest common factor of 417 and 3.
3
Calculate the greatest common factor of 15 and 5055.
15
Calculate the highest common divisor of 144 and 36.
36
Calculate the highest common divisor of 18 and 216.
18
What is the greatest common factor of 1 and 101?
1
What is the greatest common divisor of 627 and 1353?
33
What is the greatest common factor of 524 and 4?
4
What is the greatest common divisor of 47 and 1363?
47
Calculate the highest common divisor of 612 and 144.
36
What is the highest common factor of 48 and 7740?
12
What is the highest common divisor of 24 and 2520?
24
Calculate the highest common factor of 675 and 195.
15
What is the greatest common factor of 168 and 1064?
56
Calculate the highest common divisor of 14 and 1701.
7
What is the highest common divisor of 22 and 77?
11
What is the highest common divisor of 540 and 120?
60
Calculate the highest common divisor of 43 and 5289.
43
Calculate the greatest common factor of 1090 and 15478.
218
What is the greatest common factor of 9 and 657?
9
What is the highest common divisor of 9790 and 44?
22
What is the greatest common factor of 80 and 520?
40
What is the highest common factor of 32 and 824?
8
What is the greatest common factor of 12 and 132?
12
Calculate the highest common divisor of 322 and 98.
14
What is the highest common divisor of 960 and 48?
48
Calculate the greatest common factor of 63 and 117.
9
Calculate the highest common factor of 121 and 12947.
121
Calculate the highest common divisor of 172 and 4171.
43
Calculate the greatest common divisor of 2465 and 29.
29
What is the highest common divisor of 504 and 70?
14
What is the greatest common factor of 10737 and 27?
9
What is the highest common factor of 108 and 636?
12
What is the greatest common divisor of 15010 and 20?
10
Calculate the highest common factor of 18 and 3858.
6
What is the greatest common factor of 448 and 14?
14
What is the highest common factor of 3 and 6?
3
Calculate the greatest common divisor of 418 and 88.
22
What is the highest common divisor of 20 and 930?
10
Calculate the highest common factor of 1267 and 7.
7
What is the greatest common divisor of 10989 and 495?
99
What is the greatest common divisor of 42996 and 12?
12
What is the highest common factor of 10476 and 108?
108
What is the greatest common divisor of 18 and 9216?
18
What is the greatest common factor of 140 and 966?
14
Calculate the greatest common factor of 35 and 84.
7
Calculate the greatest common factor of 303 and 9393.
303
Calculate the highest common divisor of 2 and 359.
1
What is the greatest common divisor of 8613 and 174?
87
Calculate the greatest common divisor of 5 and 4195.
5
What is the highest common divisor of 27 and 459?
27
What is the highest common divisor of 9170 and 210?
70
Calculate the greatest common factor of 4 and 38.
2
Calculate the highest common factor of 7188 and 24.
12
What is the greatest common divisor of 94 and 6533?
47
Calculate the highest common factor of 174 and 444.
6
What is the highest common divisor of 16 and 216?
8
What is the greatest common factor of 1148 and 140?
28
What is the greatest common factor of 299 and 13?
13
Calculate the highest common divisor of 5015 and 85.
85
What is the greatest common divisor of 180 and 620?
20
Calculate the greatest common divisor of 27133 and 86.
43
Calculate the greatest common factor of 90 and 680.
10
What is the greatest common factor of 7436 and 77?
11
Calculate the highest common factor of 66 and 8.
2
Calculate the highest common divisor of 21614 and 214.
214
Calculate the greatest common divisor of 9 and 63.
9
What is the greatest common factor of 682 and 88?
22
Calculate the greatest common factor of 329 and 5546.
47
What is the greatest common factor of 187 and 11?
11
Calculate the greatest common divisor of 385 and 70.
35
What is the greatest common factor of 328 and 4141?
41
Calculate the greatest common divisor of 40 and 2335.
5
What is the highest common factor of 72 and 11916?
36
What is the highest common factor of 9 and 5877?
9
What is the greatest common factor of 3315 and 273?
39
Calculate the highest common factor of 1568 and 3724.
196
Calculate the highest common divisor of 90 and 130.
10
What is the highest common factor of 35 and 84?
7
Calculate the greatest common factor of 12 and 17508.
12
What is the greatest common divisor of 640 and 30?
10
Calculate the highest common factor of 5 and 320.
5
Calculate the greatest common divisor of 12330 and 720.
90
Calculate the greatest common factor of 165 and 555.
15
What is the highest common divisor of 1330 and 210?
70
What is the highest common divisor of 395 and 237?
79
Calculate the highest common factor of 527 and 124.
31
Calculate the greatest common divisor of 6 and 6.
6
What is the highest common factor of 175 and 725?
25
Calculate the greatest common divisor of 630 and 60.
30
Calculate the greatest common factor of 5439 and 294.
147
What is the greatest common factor of 348 and 957?
87
Calculate the greatest common factor of 14 and 56.
14
Calculate the greatest common divisor of 3878 and 14.
14
Calculate the greatest common factor of 103 and 1.
1
What is the greatest common divisor of 8 and 13?
1
Calculate the highest common divisor of 7279 and 116.
29
What is the greatest common divisor of 77 and 4081?
77
What is the greatest common factor of 11 and 2893?
11
Calculate the highest common factor of 81 and 3969.
81
What is the highest common divisor of 5310 and 90?
90
Calculate the highest common divisor of 4023 and 45.
9
What is the greatest common divisor of 96 and 9?
3
Calculate the greatest common factor of 1196 and 884.
52
Calculate the highest common factor of 76 and 1482.
38
What is the greatest common factor of 256 and 8?
8
Calculate the greatest common divisor of 92 and 299.
23
What is the highest common divisor of 2944 and 46?
46
What is the greatest common factor of 14007 and 406?
203
Calculate the highest common divisor of 23407 and 89.
89
What is the greatest common factor of 315 and 90?
45
What is the highest common divisor of 128 and 24?
8
What is the greatest common divisor of 292 and 1314?
146
What is the greatest common divisor of 50 and 200?
50
What is the greatest common factor of 803 and 22?
11
Calculate the highest common factor of 2508 and 380.
76
Calculate the greatest common divisor of 1400 and 336.
56
What is the greatest common factor of 19612 and 4?
4
What is the highest common divisor of 504 and 1800?
72
What is the greatest common divisor of 567 and 4410?
63
What is the greatest common factor of 5 and 8760?
5
What is the highest common divisor of 628 and 4?
4
Calculate the greatest common divisor of 2201 and 71.
71
Calculate the greatest common factor of 87 and 319.
29
Calculate the highest common divisor of 16 and 716.
4
What is the greatest common factor of 88 and 1012?
44
What is the greatest common factor of 340 and 1190?
170
Calculate the greatest common divisor of 71 and 31453.
71
Calculate the highest common factor of 344 and 24.
8
What is the greatest common divisor of 84 and 1470?
42
What is the greatest common divisor of 208 and 65?
13
What is the greatest common divisor of 3690 and 54?
18
Calculate the highest common divisor of 8 and 8.
8
Calculate the greatest common divisor of 903 and 20167.
301
What is the greatest common divisor of 3763 and 53?
53
Calculate the highest common divisor of 51732 and 18.
18
What is the greatest common factor of 60 and 640?
20
Calculate the greatest common factor of 420 and 6580.
140
Calculate the highest common divisor of 22 and 1133.
11
Calculate the greatest common factor of 278 and 9313.
139
What is the greatest common factor of 76 and 38?
38
What is the greatest common factor of 272 and 170?
34
What is the greatest common divisor of 1053 and 91?
13
Calculate the greatest common divisor of 36 and 2034.
18
Calculate the highest common factor of 10 and 310.
10
What is the highest common factor of 25 and 3275?
25
What is the highest common factor of 276 and 156?
12
W